.
4
Suppose 0 = -w - 4*w + 25. Let n(j) be the second derivative of 2*j - 7/2*j**2 + j**3 - 1. What is n(w)?
23
Let s(d) = -2*d + 24. Let h = 3525 + -3531. Calculate s(h).
36
Let r(u) = u + 14 - 14. Suppose 5*h - 13*d - 62 = 0, -2*d = -4*h + 10 + 6. Determine r(h).
2
Let c(a) = -2*a + 5. Let z be c(-4). Let d = z - 16. Let y(x) be the first derivative of 2*x**3/3 + x**2 - 2*x + 99. Determine y(d).
10
Let z(g) = 19*g**2 + 98*g - 88. Let v be z(-6). Let u(o) = -o**3 + 8*o**2 - 12*o - 2. What is u(v)?
-98
Let d(u) = -u**3 - 7*u**2 - u - 9. Suppose 41*n + 136 + 167 = 16. Determine d(n).
-2
Let w(r) = 5*r**3 + 37*r**2 + 13*r - 11. Let b(n) = -n**3 - 9*n**2 - 3*n + 3. Let a(v) = 9*b(v) + 2*w(v). Suppose 12*h - 40 = 44. Calculate a(h).
-2
Let p(r) = 2*r**3 + r**2 - 4*r - 2. Let k be p(2). Let i be 2/(-5) - 1926/(-15). Let x be i/(-40) + (-8)/k. Let n(m) = m**3 + 5*m**2 + m - 2. Calculate n(x).
10
Let o(v) = 6*v**2 + 2*v - 1. Suppose 0 = 4*c - 2*x - 4, x + 2 = -3*c - 0. Suppose -5*q + 22 - 2 = c. Suppose -10 = -2*t + q*h, -4*t - 3*h = -h. What is o(t)?
7
Let t(w) = 2*w**3 + 3*w + 15. Let v be (208/78)/((-12)/9). Calculate t(v).
-7
Let h(v) = -26*v**3 + 27*v**3 + 6*v + 7 - 2*v - 6*v - 3*v**2 - 2. Let a(t) = 3*t**3 - 2*t**2 + t + 2. Let c be a(2). Suppose -g = 4*g - c. What is h(g)?
13
Let r(u) = -u**2 - 7*u - 4. Let c be 28/(-980)*21 - 1/(-10)*-4. Give r(c).
2
Suppose -2*b = -2*z - 272, -6*b + 5*z = -10*b + 517. Let y = b - 139. Let l(c) = -c. Let m(g) = -5*g - 4. Let x(u) = 4*l(u) - m(u). What is x(y)?
-2
Let u(q) = -3*q**2. Suppose -2*x + 50 = 2*w + 3*w, 1 = -3*w + 5*x. Suppose 25 = w*d - 3*d. Suppose -2*p - 4*z - 13 = p, -1 = -d*p - z. Calculate u(p).
-3
Let x(m) = m**2 - 9*m + 8. Let u(h) = -6 + 7*h**2 + 5 + 3 + h**3. Let z be u(-7). Suppose -3*f + 34 = -5*q, -f - 5*q = -z*f + 18. What is x(f)?
0
Suppose h - 5*o + 226 = 0, o + 5 = 4. Let s be (66/h)/(1/(-21)). Let f(g) = -g**2 + 6*g + 4. Determine f(s).
4
Let c(z) = -z**3 + z**2 - 15. Let x(q) = -2*q**3 + 32*q**2 + 6*q - 540. Let w be x(15). Calculate c(w).
-15
Let i(y) = 2*y + 22. Let x be 3 + (-70)/24 + (426/72 - 1). Give i(x).
32
Let z(n) = -n**2 + 14*n + 13. Suppose 4*j - 59 = -5*y, 119*j = -3*y + 120*j + 32. Calculate z(y).
46
Let z(t) = -5*t. Suppose -2*l + 5*s - 18 = -29, 2*l + 5*s = 1. Suppose l*x + 4*y + 11 = -2*x, 2*x = 3*y - 9. Give z(x).
15
Let u(l) = 46*l**2 - 15*l**2 - l - 13*l**2 - 9*l**2 + 2*l. Determine u(1).
10
Let g(c) be the second derivative of -c**5/20 - c**4/2 - c**3 + c**2 + c. Let v be (-2 - 5)/(8/(-344)). Suppose 0 = -v*j + 291*j - 50. Determine g(j).
7
Let g(a) = -2*a**2 + 15*a - 24. Suppose 7136*m + 9 = 7139*m. What is g(m)?
3
Let o(s) = -20*s + 1. Let n(t) = -3*t**2 - 71*t + 27. Let d be n(-24). Let r be ((-12)/(-36))/((-1)/d). Calculate o(r).
21
Let z(m) = -9*m - 3. Let a be -2*(-1)/2*-11. Let f(j) = -6*j - 68. Let i be f(a). Calculate z(i).
15
Let w(g) = g**3 + 11*g**2 + 11*g - 17. Let q be w(-9). Let d(b) = 3*b - 2*b - q + 28. Determine d(8).
-10
Let k = -253733 + 253733. Let z(l) be the first derivative of -l**3/3 + 3*l**2/2 - l + 1. Determine z(k).
-1
Let w(j) = 10*j - 6. Let t(g) be the second derivative of -14*g**3/3 + 17*g**2/2 - 74*g. Let m(a) = 4*t(a) + 11*w(a). Calculate m(-4).
10
Suppose 186 = -784*j + 801*j - 1. Let x(k) = -k**2 + 14*k - 35. Determine x(j).
-2
Suppose -2*s + 1 + 0 = 3*h, 0 = -4*s + 3*h + 11. Suppose -2*j + w = -s*w - 14, 0 = j - 4*w - 12. Let d(n) = -j - 7*n**2 + 1 + 38*n**3 - 39*n**3. What is d(-7)?
-3
Let g(p) = -11 + 14500*p + p**2 - 14519*p + 95. Give g(11).
-4
Let a(x) = -15*x**2 + 8*x - 1. Suppose -15*i = -5 - 6 - 4. Give a(i).
-8
Let t(a) = a**3 - 6*a**2 - 3*a - 8. Let u = 1381 + -1375. Calculate t(u).
-26
Suppose -6*g = 4*g - 20. Let w(x) = 2 - 8*x - 2*x**g - 12 + x + 6. Suppose 85*y = 81*y - 16. Determine w(y).
-8
Let o(c) be the second derivative of -11*c**5/10 + c**4/6 + c**3/3 + c**2/2 + 7315*c. Calculate o(-1).
23
Let y(n) = -n**3 - 2*n**2. Let j = -37 + 31. Let h(l) = l**2 + 5*l - 4. Let a be h(j). Let c be ((-1)/((-4)/(-8)))/(2/a). Determine y(c).
0
Suppose -25*q = -347 + 1747. Suppose -3*h + 190 = -5*t, -4*h - 4*t - t + 230 = 0. Let r = h + q. Let j(b) = -6*b + 6. Calculate j(r).
-18
Let g(h) = h**3 + h**2 - 3*h - 2. Let q(c) = c**3 + c**2 + c. Let i(p) = 5*p**3 + 17*p**2 - 11*p - 11. Let y(a) = i(a) - 6*q(a). Let m be y(9). Calculate g(m).
0
Let o(g) = 5*g**2 - 32*g + 14. Let x(m) = -2*m**2 + 11*m - 5. Let j(v) = 3*o(v) + 8*x(v). Let w(a) = 3*a + 49. Let i be w(14). Let c = 85 - i. Determine j(c).
14
Let b(j) = 103*j**3 - 24*j**2 - 7*j + 63. Let c(d) = 17*d**3 - 4*d**2 - d + 10. Let o(u) = 4*b(u) - 25*c(u). Give o(2).
-92
Let v be (-4 + 2 + 17)*(-5 + 30). Let a = v + -387. Let f(q) = -q**3 - 12*q**2 + 15. Determine f(a).
15
Let h(q) = 5*q**2 - 2*q - 8. Let m(u) = -14*u**2 + 5*u + 23. Let a(r) = -11*h(r) - 4*m(r). Suppose d + 13 = 3*p, 12*d - 13*d - 1 = p. Give a(p).
11
Let p(i) be the third derivative of 0*i - 99*i**2 - 1/10*i**5 - 1/120*i**6 + 7/24*i**4 + 0 + i**3. What is p(-7)?
6
Let v(z) = z**2 - z - 14. Let r(k) = -k**2 + 12. Let g(u) = -4*u - 16. Let c be g(-5). Let h(x) = c*r(x) + 3*v(x). Suppose -2*l + 7*l - 20 = 0. What is h(l)?
-22
Let v(u) = -u**3 + 3*u**2 - 3*u + 2. Let i = -166 + 370. Let o = -202 + i. What is v(o)?
0
Let c(o) = 2*o + 9. Suppose 0 = -4*y + 10*y - 2682. Let r = y - 453. Determine c(r).
-3
Let w be (-1296)/(-63) + 3 + (-4)/7. Suppose 0 = 7*x - 12 - w. Let t(k) = -3*k + 7. Calculate t(x).
-8
Let h(o) = -o**3 - 3*o**2 + 5*o - 3. Let b = -83 - -82. Let d(y) = -5*y**2 - 6*y - 6. Let l be d(b). Determine h(l).
22
Suppose 0 = v + 4*n - 28, 2*n - 7*n = -4*v + 28. Let k(w) = -1 - 7*w + 4 - v + 6. What is k(-4)?
25
Let c(v) = 84*v - 177. Let m be c(2). Let d(t) be the second derivative of t**5/20 + 5*t**4/6 + 2*t**3 + 5*t**2 + 3*t. Give d(m).
-17
Let n(j) be the third derivative of -3*j**5/20 + j**4/6 - 4203*j**2. Calculate n(-2).
-44
Let g(c) = c**2 + 4*c. Let s be (4 - 0)/((-4 + 3)*1). Let r be g(s). Let o(a) = r + 0 - 7*a + 3 + 8*a. Calculate o(-5).
-2
Let c(z) = 7*z**3 + 12*z**2 + 6*z - 17. Let r(h) = -4*h**3 - 6*h**2 - 4*h + 9. Let f = -585 + 588. Let k(p) = f*c(p) + 5*r(p). Give k(-6).
6
Let v = 16 - 24. Let z be 20/3*(-6)/(-4). Let o = v + z. Let k(j) = -j**3 + 4*j**2 - j + 1. Give k(o).
7
Let z(q) = 6*q + 7. Suppose -227 + 31 = 98*x. Calculate z(x).
-5
Let z(b) = -b**3 - 8*b**2 + 4*b + 17. Suppose n = 4*f + 8, 16*n - 15*n - 5*f - 12 = 0. Give z(n).
-15
Let j(c) = 21*c**2 - 981*c + 156. Let q(w) = -3*w**2 + 145*w - 22. Let z(u) = -4*j(u) - 27*q(u). Determine z(3).
-30
Let i be (1/(-2))/(-1*(-7)/(-140)). Let g(h) = -2 + i - 9 - h. Give g(-6).
5
Let f(i) = 23*i - 7. Let q(w) = 3*w - 2. Let k(a) = -f(a) + 6*q(a). Suppose -6*j = -3*j + 6. Let x be k(j). Let l(p) = -p + 3. Give l(x).
-2
Let h be 12/((2 + -1)*2). Let b(z) = 1. Let l(a) = -a + 10. Let p(g) = -g**2 - 4*g - 2. Let r be p(-3). Let i(u) = r*l(u) - 5*b(u). Calculate i(h).
-1
Let u be (-2)/(((-76)/21)/(-38)). Let d(g) = 4*g + 56. What is d(u)?
-28
Let f be (3/45)/((-14)/42) + 78/15. Let z(v) = -2*v**2 + 2*v + 17. What is z(f)?
-23
Let c(p) = 84 + 79 - 8 + 87 - 239 - 6*p. Let z be 12*(3/(-2) + 1). Calculate c(z).
39
Let z(a) = -7*a + 8. Let n = 277 + -272. Let h(k) = -4*k + 4. Let g(b) = n*h(b) - 3*z(b). Let x(w) = -w**3 + w**2 + w. Let r be x(0). Give g(r).
-4
Let z(h) be the first derivative of -2*h**3/3 + 13*h**2/2 + 19*h + 2259. Calculate z(8).
-5
Let b(v) = -5*v**2 - 56*v + 56. Let a(r) = 26*r**2 + 280*r - 300. Let k(m) = 2*a(m) + 11*b(m). Give k(-19).
-3
Let h(f) = 11*f**2 - 2. Let d(y) = -y**3 + 9*y**2 - 3*y + 273. Let g be d(11). Determine h(g).
42
Let l(d) = -20*d**2 - 2*d - 7. Let o(j) = 54*j**2 + 3*j + 21. Let m(h) = -8*l(h) - 3*o(h). What is m(3)?
-4
Let o be ((-6)/(24 + -6))/((-3)/(-36)). Let g(x) = -15*x + 7. Give g(o).
67
Let f(s) = -s**3 + 58*s**2 - 4*s + 235. Let n be f(58). Let o(d) = -7*d - 13. Determine o(n).
-34
Let a(d) = 2*d**3 - 15*d**2 + 12*d + 11. Suppose 225*v - 1563 = -213. What is a(v)?
-25
Let h(s) be the second derivative of -s**5/20 - 5*s**4/6 - s**3/3 - 4*s**2 + 11*s - 61. Determine h(-10).
12
Suppose -286*v + 493 = -79. Let o(m) be the first derivative of -1 + 0*m + 1/2*m**v. Give o(-6).
-6
Let c(q) = -q**2